{"id":36,"date":"2020-03-30T19:28:08","date_gmt":"2020-03-30T19:28:08","guid":{"rendered":"https:\/\/test.yantami.de\/?page_id=36"},"modified":"2020-04-06T10:32:43","modified_gmt":"2020-04-06T10:32:43","slug":"leistungen","status":"publish","type":"page","link":"https:\/\/yantami.de\/?page_id=36","title":{"rendered":"Leistungen"},"content":{"rendered":"\n<blockquote class=\"wp-block-quote\"><p>Let&#8217;s change to success.<\/p><\/blockquote>\n\n\n\n<div class=\"wp-block-image\"><figure class=\"aligncenter size-large\"><img loading=\"lazy\" width=\"1024\" height=\"645\" src=\"https:\/\/yantami.de\/wp-content\/uploads\/2020\/04\/paper-3213924_1920-1024x645.jpg\" alt=\"\" class=\"wp-image-71\" srcset=\"https:\/\/yantami.de\/wp-content\/uploads\/2020\/04\/paper-3213924_1920-1024x645.jpg 1024w, https:\/\/yantami.de\/wp-content\/uploads\/2020\/04\/paper-3213924_1920-300x189.jpg 300w, https:\/\/yantami.de\/wp-content\/uploads\/2020\/04\/paper-3213924_1920-768x484.jpg 768w, https:\/\/yantami.de\/wp-content\/uploads\/2020\/04\/paper-3213924_1920-1536x968.jpg 1536w, https:\/\/yantami.de\/wp-content\/uploads\/2020\/04\/paper-3213924_1920.jpg 1920w\" sizes=\"(max-width: 706px) 89vw, (max-width: 767px) 82vw, 740px\" \/><\/figure><\/div>\n\n\n\n<div class=\"wp-block-columns\">\n<div class=\"wp-block-column\">\n<h2>Community Management.<\/h2>\n\n\n\n<div class=\"wp-block-group\"><div class=\"wp-block-group__inner-container\"><\/div><\/div>\n<\/div>\n\n\n\n<div class=\"wp-block-column\">\n<h2>Customer <br>Service.<\/h2>\n<\/div>\n\n\n\n<div class=\"wp-block-column\">\n<h2>Supervision.<\/h2>\n<\/div>\n<\/div>\n\n\n\n<div class=\"wp-block-columns\">\n<div class=\"wp-block-column\">\n<p>Wir unterst\u00fctzen Dich, eine Strategie f\u00fcr den Aufbau Deiner Community zu entwickeln. <\/p>\n\n\n\n<p>Wir analysieren Deine bestehende Community und entwickeln gemeinsam ein Ziel. <\/p>\n\n\n\n<p>Wir entwickeln Strategien f\u00fcr eine gelungene Monetariserung f\u00fcr Deine Community und Dich. <\/p>\n<\/div>\n\n\n\n<div class=\"wp-block-column\">\n<p>Wir wissen, was Kunden w\u00fcnschen und heben das Kundenerlebnis auf ein neues Level.<\/p>\n\n\n\n<p>Wir unterst\u00fctzen Dich darin, dass Deine Mitarbeiter:innen sich mit ihrer Arbeit wohlf\u00fchlen.<\/p>\n\n\n\n<p>Wir machen Deinen Customer Service (B2B\/B2C) zum Aush\u00e4ngeschild f\u00fcr Dein Unternehmen.<\/p>\n<\/div>\n\n\n\n<div class=\"wp-block-column\">\n<p>Wir bieten Workshops, um Deine Mitarbeiter:innen und Dich mit dem n\u00f6tigen Wissen zu versorgen. <\/p>\n\n\n\n<p>Wir bieten Supervision, um Abl\u00e4ufe zu analysieren und Prozessoptimierungen zu begleiten.<\/p>\n\n\n\n<p>Wir bieten Coaching, um Dich oder einzelne Mitarbeiter:innen effizient und effektiv zu beraten. <\/p>\n<\/div>\n<\/div>\n\n\n\n<p><\/p>\n","protected":false},"excerpt":{"rendered":"<p>Let&#8217;s change to success. Community Management. Customer Service. Supervision. Wir unterst\u00fctzen Dich, eine Strategie f\u00fcr den Aufbau Deiner Community zu entwickeln. Wir analysieren Deine bestehende Community und entwickeln gemeinsam ein Ziel. Wir entwickeln Strategien f\u00fcr eine gelungene Monetariserung f\u00fcr Deine Community und Dich. Wir wissen, was Kunden w\u00fcnschen und heben das Kundenerlebnis auf ein neues &hellip; <\/p>\n<p class=\"link-more\"><a href=\"https:\/\/yantami.de\/?page_id=36\" class=\"more-link\"><span class=\"screen-reader-text\">\u201eLeistungen\u201c<\/span> weiterlesen<\/a><\/p>\n","protected":false},"author":1,"featured_media":0,"parent":0,"menu_order":0,"comment_status":"closed","ping_status":"closed","template":"","meta":[],"yoast_head":"<!-- This site is optimized with the Yoast SEO plugin v17.3 - https:\/\/yoast.com\/wordpress\/plugins\/seo\/ -->\n<title>Leistungen - Yantami<\/title>\n<meta name=\"robots\" content=\"noindex, follow, max-snippet:-1, max-image-preview:large, max-video-preview:-1\" \/>\n<meta property=\"og:locale\" content=\"de_DE\" \/>\n<meta property=\"og:type\" content=\"article\" \/>\n<meta property=\"og:title\" content=\"Leistungen - Yantami\" \/>\n<meta property=\"og:description\" content=\"Let&#8217;s change to success. Community Management. Customer Service. Supervision. Wir unterst\u00fctzen Dich, eine Strategie f\u00fcr den Aufbau Deiner Community zu entwickeln. Wir analysieren Deine bestehende Community und entwickeln gemeinsam ein Ziel. Wir entwickeln Strategien f\u00fcr eine gelungene Monetariserung f\u00fcr Deine Community und Dich. Wir wissen, was Kunden w\u00fcnschen und heben das Kundenerlebnis auf ein neues &hellip; \u201eLeistungen\u201c weiterlesen\" \/>\n<meta property=\"og:url\" content=\"https:\/\/yantami.de\/?page_id=36\" \/>\n<meta property=\"og:site_name\" content=\"Yantami\" \/>\n<meta property=\"article:modified_time\" content=\"2020-04-06T10:32:43+00:00\" \/>\n<meta property=\"og:image\" content=\"https:\/\/yantami.de\/wp-content\/uploads\/2020\/04\/paper-3213924_1920-1024x645.jpg\" \/>\n<meta name=\"twitter:card\" content=\"summary_large_image\" \/>\n<meta name=\"twitter:label1\" content=\"Gesch\u00e4tzte Lesezeit\" \/>\n\t<meta name=\"twitter:data1\" content=\"1\u00a0Minute\" \/>\n<script type=\"application\/ld+json\" class=\"yoast-schema-graph\">{\"@context\":\"https:\/\/schema.org\",\"@graph\":[{\"@type\":\"WebSite\",\"@id\":\"https:\/\/yantami.de\/#website\",\"url\":\"https:\/\/yantami.de\/\",\"name\":\"Yantami\",\"description\":\"Community Management. Customer Service. Supervision.\",\"potentialAction\":[{\"@type\":\"SearchAction\",\"target\":{\"@type\":\"EntryPoint\",\"urlTemplate\":\"https:\/\/yantami.de\/?s={search_term_string}\"},\"query-input\":\"required name=search_term_string\"}],\"inLanguage\":\"de\"},{\"@type\":\"ImageObject\",\"@id\":\"https:\/\/yantami.de\/?page_id=36#primaryimage\",\"inLanguage\":\"de\",\"url\":\"https:\/\/yantami.de\/wp-content\/uploads\/2020\/04\/paper-3213924_1920.jpg\",\"contentUrl\":\"https:\/\/yantami.de\/wp-content\/uploads\/2020\/04\/paper-3213924_1920.jpg\",\"width\":1920,\"height\":1210},{\"@type\":\"WebPage\",\"@id\":\"https:\/\/yantami.de\/?page_id=36#webpage\",\"url\":\"https:\/\/yantami.de\/?page_id=36\",\"name\":\"Leistungen - Yantami\",\"isPartOf\":{\"@id\":\"https:\/\/yantami.de\/#website\"},\"primaryImageOfPage\":{\"@id\":\"https:\/\/yantami.de\/?page_id=36#primaryimage\"},\"datePublished\":\"2020-03-30T19:28:08+00:00\",\"dateModified\":\"2020-04-06T10:32:43+00:00\",\"breadcrumb\":{\"@id\":\"https:\/\/yantami.de\/?page_id=36#breadcrumb\"},\"inLanguage\":\"de\",\"potentialAction\":[{\"@type\":\"ReadAction\",\"target\":[\"https:\/\/yantami.de\/?page_id=36\"]}]},{\"@type\":\"BreadcrumbList\",\"@id\":\"https:\/\/yantami.de\/?page_id=36#breadcrumb\",\"itemListElement\":[{\"@type\":\"ListItem\",\"position\":1,\"name\":\"Home\",\"item\":\"https:\/\/yantami.de\/\"},{\"@type\":\"ListItem\",\"position\":2,\"name\":\"Leistungen\"}]}]}<\/script>\n<!-- \/ Yoast SEO plugin. -->","yoast_head_json":{"title":"Leistungen - Yantami","robots":{"index":"noindex","follow":"follow","max-snippet":"max-snippet:-1","max-image-preview":"max-image-preview:large","max-video-preview":"max-video-preview:-1"},"og_locale":"de_DE","og_type":"article","og_title":"Leistungen - Yantami","og_description":"Let&#8217;s change to success. Community Management. Customer Service. Supervision. Wir unterst\u00fctzen Dich, eine Strategie f\u00fcr den Aufbau Deiner Community zu entwickeln. Wir analysieren Deine bestehende Community und entwickeln gemeinsam ein Ziel. Wir entwickeln Strategien f\u00fcr eine gelungene Monetariserung f\u00fcr Deine Community und Dich. Wir wissen, was Kunden w\u00fcnschen und heben das Kundenerlebnis auf ein neues &hellip; \u201eLeistungen\u201c weiterlesen","og_url":"https:\/\/yantami.de\/?page_id=36","og_site_name":"Yantami","article_modified_time":"2020-04-06T10:32:43+00:00","og_image":[{"url":"https:\/\/yantami.de\/wp-content\/uploads\/2020\/04\/paper-3213924_1920-1024x645.jpg"}],"twitter_card":"summary_large_image","twitter_misc":{"Gesch\u00e4tzte Lesezeit":"1\u00a0Minute"},"schema":{"@context":"https:\/\/schema.org","@graph":[{"@type":"WebSite","@id":"https:\/\/yantami.de\/#website","url":"https:\/\/yantami.de\/","name":"Yantami","description":"Community Management. Customer Service. Supervision.","potentialAction":[{"@type":"SearchAction","target":{"@type":"EntryPoint","urlTemplate":"https:\/\/yantami.de\/?s={search_term_string}"},"query-input":"required name=search_term_string"}],"inLanguage":"de"},{"@type":"ImageObject","@id":"https:\/\/yantami.de\/?page_id=36#primaryimage","inLanguage":"de","url":"https:\/\/yantami.de\/wp-content\/uploads\/2020\/04\/paper-3213924_1920.jpg","contentUrl":"https:\/\/yantami.de\/wp-content\/uploads\/2020\/04\/paper-3213924_1920.jpg","width":1920,"height":1210},{"@type":"WebPage","@id":"https:\/\/yantami.de\/?page_id=36#webpage","url":"https:\/\/yantami.de\/?page_id=36","name":"Leistungen - Yantami","isPartOf":{"@id":"https:\/\/yantami.de\/#website"},"primaryImageOfPage":{"@id":"https:\/\/yantami.de\/?page_id=36#primaryimage"},"datePublished":"2020-03-30T19:28:08+00:00","dateModified":"2020-04-06T10:32:43+00:00","breadcrumb":{"@id":"https:\/\/yantami.de\/?page_id=36#breadcrumb"},"inLanguage":"de","potentialAction":[{"@type":"ReadAction","target":["https:\/\/yantami.de\/?page_id=36"]}]},{"@type":"BreadcrumbList","@id":"https:\/\/yantami.de\/?page_id=36#breadcrumb","itemListElement":[{"@type":"ListItem","position":1,"name":"Home","item":"https:\/\/yantami.de\/"},{"@type":"ListItem","position":2,"name":"Leistungen"}]}]}},"_links":{"self":[{"href":"https:\/\/yantami.de\/index.php?rest_route=\/wp\/v2\/pages\/36"}],"collection":[{"href":"https:\/\/yantami.de\/index.php?rest_route=\/wp\/v2\/pages"}],"about":[{"href":"https:\/\/yantami.de\/index.php?rest_route=\/wp\/v2\/types\/page"}],"author":[{"embeddable":true,"href":"https:\/\/yantami.de\/index.php?rest_route=\/wp\/v2\/users\/1"}],"replies":[{"embeddable":true,"href":"https:\/\/yantami.de\/index.php?rest_route=%2Fwp%2Fv2%2Fcomments&post=36"}],"version-history":[{"count":11,"href":"https:\/\/yantami.de\/index.php?rest_route=\/wp\/v2\/pages\/36\/revisions"}],"predecessor-version":[{"id":171,"href":"https:\/\/yantami.de\/index.php?rest_route=\/wp\/v2\/pages\/36\/revisions\/171"}],"wp:attachment":[{"href":"https:\/\/yantami.de\/index.php?rest_route=%2Fwp%2Fv2%2Fmedia&parent=36"}],"curies":[{"name":"wp","href":"https:\/\/api.w.org\/{rel}","templated":true}]}}